ghest common divisor of 4 and o.
4
Let n be 1 - ((-1800)/39 - (-4)/26). Let w = 73 - n. Calculate the highest common divisor of 39 and w.
13
Let j be 8 + (8 - -585) + -9. Calculate the highest common divisor of 16 and j.
16
Suppose -b + 175 = 157. Let w be (-10)/(-4) + 4/(-8). Calculate the highest common divisor of w and b.
2
Let p(r) = 13*r**2 + 4*r + 2. Let l be p(-1). Calculate the greatest common divisor of l and 11.
11
Let g be (-2 - -2)/(-4 - -2). Suppose -v - 2 - 2 = g. Let t be 169 + (v - -3 - -2). Calculate the highest common factor of t and 34.
34
Let h(g) = 4*g**2 + 23*g - 8. Let j be h(-7). Calculate the highest common factor of j and 9.
9
Suppose -3*q + 4*p = -152, -42 - 15 = -q - 5*p. What is the greatest common divisor of 4 and q?
4
Suppose -2*r = 6*r - 1368. Suppose -x = 55 - 7. Let h = x - -67. Calculate the highest common divisor of h and r.
19
Let s(x) = 23*x - 75. Let w be s(10). Calculate the highest common divisor of w and 5.
5
Let h be ((-22)/8)/(1/(-4)). Let g = -56 - -86. Let o = g + -19. Calculate the highest common factor of h and o.
11
Suppose 0 = 5*h - 2*f - 610 + 214, -2*h + 5*f = -171. Let x = 156 + h. What is the greatest common divisor of x and 26?
26
Let j be 1 + (0 + 86)*(-1)/(-2). What is the greatest common divisor of 66 and j?
22
Let b(r) be the third derivative of -r**4/24 - r**3/6 - 5*r**2. Let y be b(-5). Let t be 9*(12/y - 2). What is the highest common divisor of 45 and t?
9
Let x(f) = -3*f + 138. Let m be x(35). Calculate the greatest common factor of 33 and m.
33
Let u be ((-3)/(-1))/(15/105). What is the highest common divisor of 189 and u?
21
Let p(w) be the second derivative of -w**3/6 + 2*w**2 + w. Let i be p(-5). Let d = 13 - 12. Calculate the highest common factor of d and i.
1
Suppose 1680 = 4*f + k, -f + 47 = -4*k - 373. What is the greatest common divisor of f and 300?
60
Let b be 42/14*32/6 + -6. Calculate the greatest common divisor of b and 1080.
10
Let m(x) = -x**3 + 5*x**2 - 5*x + 10. Let p be m(4). Suppose p = 2*j + j. What is the highest common divisor of 1 and j?
1
Let h(g) be the third derivative of g**5/60 - g**4/4 - g**3/2 + 2*g**2. Let t be h(7). Calculate the highest common factor of t and 4.
4
Suppose 2*l + 8 = 0, 0 = -0*j + j + 3*l + 12. Suppose j = t - 90. Calculate the highest common factor of t and 10.
10
Let f be 2/6 - (-122)/(-6). Let i = 31 - 2. Let c = i + f. What is the highest common factor of 9 and c?
9
Suppose 4*g + 6 = -5*n + 8, -3*n + g + 8 = 0. Let x be (n/(-1))/(1*(-4)/32). What is the highest common factor of 48 and x?
16
Let q(o) = -110*o - 691. Let d be q(-8). Calculate the highest common divisor of d and 42.
21
Suppose 0 = 11*c - c - 400. What is the highest common divisor of c and 120?
40
Let k be (22/(-3))/(6/(-72)). Calculate the greatest common factor of 44 and k.
44
Let t = 822 - 745. What is the greatest common factor of t and 28?
7
Let h = -4883 - -775. Let o be h/(-32) - (-18)/(-48). What is the greatest common divisor of 16 and o?
16
Suppose -8*o + 2*w - 317 = -11*o, -5*w - 520 = -5*o. Calculate the greatest common divisor of 45 and o.
15
Let t = -1226 - -1530. Calculate the greatest common divisor of 80 and t.
16
Suppose 9 - 105 = -4*u. Suppose 0 = -3*b - 2*h - 358 - 517, -5*h = -10. Let j = b + 509. Calculate the highest common divisor of u and j.
24
Let r = 1361 - 1343. Calculate the greatest common factor of r and 14.
2
Let j = 32 + -24. Suppose -j*v + 10*v - 192 = 0. Let r = 24 + -12. Calculate the greatest common factor of v and r.
12
Suppose -3*s = g - 20, 28 = g + 4*s + 3. Suppose -n + 3*n = -4*m + 22, 33 = g*m - 3*n. Let c be 3*m/9 - -21. What is the highest common divisor of 69 and c?
23
Let f(l) = -l**3 + l**2 - 6*l - 9. Let p be f(-3). Let z(o) = 2*o**3 - 31*o**2 - 14*o - 14. Let r be z(16). Calculate the highest common divisor of p and r.
9
Let s = -96 - -1046. What is the highest common factor of s and 76?
38
Let f = -75 + 176. Let p = f - 23. What is the greatest common factor of p and 6?
6
Suppose -3*h - 5*p + 119 = 0, -8*p = 5*h - 9*p - 161. Calculate the highest common factor of h and 3.
3
Let l = -29 + 34. Suppose 6 = 2*f + l*h, 3*h - 16 = -3*f + 2. Suppose -5*o + 29 + 11 = 0. Calculate the greatest common factor of o and f.
8
Suppose 5979*x - 260 = 5975*x. Let o(f) = 4*f - 7. Let a be o(5). Calculate the highest common factor of x and a.
13
Let t be (12/(-8))/(7/((-2436)/9)). What is the highest common divisor of t and 116?
58
Let a = 127 - 17. Suppose 5*h = 0, 3*q + h - 13 = 17. Calculate the highest common divisor of a and q.
10
Let f = -433 + 439. Calculate the highest common factor of f and 12.
6
Suppose -3*q + 4*q - 10 = 0. Suppose 0 = 2*v + r - 9, 5*r = 25*v - 23*v - 15. What is the highest common factor of v and q?
5
Let u = -992 + 1440. Suppose -560 = -4*g + u. Suppose q = -q + g. Calculate the highest common divisor of 18 and q.
18
Let s be 76/4 + 6 + 5. Let u = 36 + 9. Calculate the highest common divisor of u and s.
15
Let w be (-54)/(-5) + (-2)/(-10). Suppose -11*s = -4*s - 7. Let d be (-55)/(-2)*(s/5 + 1). What is the greatest common divisor of w and d?
11
Let u(l) = l**3 - l**2 - 113. Let h be u(0). Let f = h + 126. What is the greatest common divisor of f and 143?
13
Suppose -195 = 29*k - 30*k + u, 753 = 4*k + 5*u. Calculate the highest common divisor of 12 and k.
12
Suppose 0 = 2*w + w - 165. Let z(r) = -5*r**2 + 111*r - 17. Let g be z(22). What is the highest common divisor of g and w?
5
Let l be (-2)/4 + (-161)/(-14). What is the highest common factor of l and 11?
11
Let u = -769 + 1231. What is the greatest common factor of u and 22?
22
Let r = 19 + 13. Let v = -8416 - -8428. What is the greatest common divisor of r and v?
4
Suppose 0 = m + 4*m + 4*f - 216, f = -4*m + 175. Suppose -5*t + m = -11. What is the highest common divisor of t and 121?
11
Let q(s) = 12*s**2 + 3*s - 1. Let z be q(-2). Suppose -2*l = -17 + z. Let y = l + 43. What is the highest common divisor of 155 and y?
31
Let u(k) = -10*k**3 + k. Let z be u(-1). Let f(w) = w**3 + 6*w**2 - w - 3. Let s be f(-5). Calculate the highest common factor of z and s.
9
Suppose t - 43 - 10 = -u, -4*u + t + 212 = 0. Suppose -y = -5*s - u - 122, -178 = -y + 2*s. What is the highest common factor of 20 and y?
20
Suppose -168 = -11*g + 7*g - 4*q, 3*q = -6. What is the highest common factor of g and 4?
4
Suppose 1008 - 816 = 8*z. What is the highest common divisor of 48 and z?
24
Suppose -3*j = 2*j - 280. Suppose 40 = 5*z - a, z + 3*z - j = -4*a. Suppose -240 = -3*v + 57. What is the greatest common divisor of z and v?
9
Suppose -113*h - 88 = -124*h. Calculate the highest common divisor of 2 and h.
2
Let x be 16/(-2) + 954/53. Let a be (-6)/(-21) - (-908)/7. Calculate the greatest common divisor of x and a.
10
Let b = 378 + -55. Calculate the highest common factor of 171 and b.
19
Suppose -3*f + 605 = -235. Calculate the greatest common factor of f and 112.
56
Suppose -10*z + 11*z + 35 = 0. Let v be ((-240)/z + -6)*(15 + -1). What is the greatest common factor of v and 3?
3
Let t = -680 - -869. Calculate the greatest common divisor of 147 and t.
21
Suppose 16*f - 8*f = 184. What is the highest common divisor of 575 and f?
23
Let t(r) = 51*r**3 + 2 - r**3 - 2 + r**2 + 3 - 4*r. Let f be t(1). What is the highest common divisor of 30 and f?
10
Let o(f) = f**3 - 2*f**2 - 3*f. Let d be o(-2). Let g be ((-12)/d)/(3/45). Calculate the highest common factor of g and 2.
2
Suppose 29 = 5*j - h, -j + 3*j - 16 = -4*h. Let g be (j - 2)/(8/24). Suppose 2*p = 4, 3*a - 4 = -3*p + 8. What is the highest common divisor of a and g?
2
Suppose 115*b - 578 = 98*b. Calculate the greatest common divisor of b and 918.
34
Let s(v) = v**2 + 10*v + 13. Let t be s(-9). Suppose 102 = o - t*j, -4*j - 12 = -0. What is the highest common factor of o and 18?
18
Suppose -s + 3*s = 6. Suppose -t - 12 = s*t. Let k = 125 - t. Calculate the highest common factor of 16 and k.
16
Let z be (-340)/(-45) - (-32)/72. Calculate the greatest common divisor of z and 1000.
8
Let f = 21 + 307. What is the greatest common divisor of 8 and f?
8
Suppose 3*q = -98 + 251. Let p = q + -37. Calculate the greatest common divisor of 7 and p.
7
Let c(k) = -28*k**2 + 66*k - 2. Let g be c(2). Let b(z) = z**2. Let j be 